(c).
11
Let x be (15/(-45))/(1/(-12)). Suppose -x*i + 3*m - m + 262 = 0, 5*i = 5*m + 320. List the prime factors of i.
67
Suppose -14*v + 114 = -12. Suppose 1208 = v*x - 115. List the prime factors of x.
3, 7
Let w(m) = -7*m - 16. Let r be w(-6). Suppose 8 = -3*o + r. What are the prime factors of o/(20/(-28) - -1)?
3, 7
Let r(f) = 2*f**2 + 13*f + 7. Let d be r(-6). What are the prime factors of (-25)/(-20)*4 - d?
2
Suppose 5*t - t + 13 = c, -22 = -3*c - 5*t. Suppose 3*i - c = a, -10 - 4 = a + 2*i. Let x = -1 - a. What are the prime factors of x?
11
Let k(v) = 1001*v**2 - 4*v + 2. List the prime factors of k(1).
3, 37
Let f(t) = 42*t - 287. What are the prime factors of f(22)?
7, 13
Suppose 5*f - 30 = 2*f. Let n = f + 26. List the prime factors of n.
2, 3
Let c be 324/45 - (-1)/(-5). Suppose 2*j + 5*f = c + 156, 0 = -j - 5*f + 79. Suppose y - 35 = 3*a, -5*y - 2*a + j = -y. What are the prime factors of y?
23
Suppose k - 2*p = 502, 5*k - 2515 = -2*p + 7*p. List the prime factors of k.
2, 3, 7
Suppose -27*q + 12402 = -9*q. List the prime factors of q.
13, 53
Suppose 1635 = -5*j - t, 2*t - 29 + 683 = -2*j. What are the prime factors of j/(-6)*(9 - 5)?
2, 109
Let x(w) = -15*w + 415. Let r(s) = 3*s - 83. Let a(c) = -11*r(c) - 2*x(c). List the prime factors of a(13).
2, 11
Suppose 3*p - 9*p + 402 = 0. Suppose -26 = -3*v + p. List the prime factors of v.
31
Suppose 2*j - 152 = -4*m - 664, 2*j = 8. Suppose 274 = 4*u - 494. Let q = m + u. List the prime factors of q.
2, 31
Let f(i) = i**3 + 9*i**2 + i + 11. Let z be f(-9). List the prime factors of 1/z - 378/(-12).
2
Let n(u) = -2*u**3 + 47*u**2 - 89*u + 21. What are the prime factors of n(20)?
3, 347
List the prime factors of ((-12)/(-3 - -5))/((-6)/213).
3, 71
Let v(f) = f + 20. Let q be v(-19). Suppose 0 = -g + 2 - 4. What are the prime factors of (g - q)/((-18)/42)?
7
Suppose 0 = -59*l + 11*l + 33840. List the prime factors of l.
3, 5, 47
Let g(v) = -19*v - 5. Let n be g(-11). Suppose 5*u = -p + 360, 0*u - 3*p + n = 3*u. What are the prime factors of u?
73
Let n(v) = v + 88*v**2 + 67*v**3 + 10*v**3 - 87*v**2. Let b be n(-1). Let z = 123 + b. What are the prime factors of z?
2, 23
Suppose 6 = p - 4*l, 0 = 2*p - 4*p + 4*l + 20. Suppose 7*b + p*b = 6741. List the prime factors of b.
3, 107
Suppose 6*t - t = -3*n - 11, -n = 5*t + 17. Let c(h) = -h**3 - h**2 - h - 11. What are the prime factors of c(t)?
41
Let o(s) = s**3 + 4*s**2 - 6*s - 3. Let k be o(-5). Suppose 11 = k*n + 1. Suppose 0 = -9*b + n*b + 72. List the prime factors of b.
2, 3
Suppose -v + 4*v = -81. What are the prime factors of (-2)/((6/v)/(4/2))?
2, 3
Let k = -40 + 46. Let i(o) = 10*o - 3. What are the prime factors of i(k)?
3, 19
Let i = -170 - -255. Let k = i + -4. List the prime factors of k.
3
Suppose 10*l - 6*l = 0. Suppose 0 = -4*a + u + 175, 3*a - 3*u - 129 = -l*u. List the prime factors of a.
2, 11
Let n(v) = v**2 - 11*v + 38. Let u be n(5). Suppose -d - 442 = -3*g, u*g - 3*g + 4*d - 731 = 0. List the prime factors of g.
3, 7
Suppose -18*y + 19*y = 899. Let j = -605 + y. What are the prime factors of j?
2, 3, 7
Let i(o) = -14*o - 4. Let b be i(-1). Let r(f) = -f**3 + 15*f**2 - 26*f + 18. What are the prime factors of r(b)?
2, 3, 43
Let g(y) = 145*y**2 + 97*y + 526. What are the prime factors of g(-5)?
2, 3, 13, 47
Suppose 4*b - 3*b - 309 = 0. Suppose 0 = 4*w - 3*l + 284 + 123, 3*l = 3*w + b. What are the prime factors of 312/14 - (-28)/w?
2, 11
Let d be 8/24*0/(-2). List the prime factors of (d + (-85)/(-10))*10.
5, 17
Suppose 6*u + 111 - 267 = 0. What are the prime factors of u?
2, 13
Suppose -v - 3*h - 12 = 0, 4*v + 1 = -5*h - 12. Suppose 0 = 5*w + v*w + 952. Let n = w + 166. List the prime factors of n.
47
Let s = 1372 - 682. What are the prime factors of s?
2, 3, 5, 23
Let y(t) be the first derivative of 14*t**3/3 - 3*t**2/2 - 2*t + 17. List the prime factors of y(3).
5, 23
Suppose -3*p - 11 = 4*w, 2*w + 3*p - 5 = 6*w. Suppose -1 = 8*j - 9*j, -9 = m - 5*j. What are the prime factors of 4*10 - (m - w)?
2, 3, 7
Let k(v) = -18*v + 4. Let q be k(-10). Suppose 3*b - q = -40. List the prime factors of b.
2, 3
Let i = 7 + -55. Let t = -17 - i. Suppose t + 23 = 3*g. List the prime factors of g.
2, 3
Suppose -14 + 2 = -3*w - 3*o, 0 = w - 5*o + 8. Let l(x) = -67*x + 533. Let v be l(8). List the prime factors of (-5 - v)*(-29)/w.
29
List the prime factors of (-2570)/(-3) - (0 + (-8)/24).
857
Let o be -2 - (-1 + -1 + -2). Suppose 0 + o = m. Suppose 10 = -2*d, -m*i - d = 3*d + 8. What are the prime factors of i?
2, 3
Let b be 4/(-4*3/(-30)). Let v be (30/(-9))/(b/(-15)). Suppose 4*t + 155 = v*c - 2*c, -t - 5 = 0. List the prime factors of c.
3, 5
Let h be (-1)/(11/4 + -3). Suppose -3*m + h = 1. Suppose s + m = 18. What are the prime factors of s?
17
Let m(k) = 30*k**2 - 2*k - 1. Let b be m(-1). Suppose 4*c - b = -3*w - 90, 23 = -w - 3*c. Let p(t) = -t**2 - 21*t + 5. List the prime factors of p(w).
73
Suppose -2*g - 135 = 221. Let c = g + 350. List the prime factors of c.
2, 43
Let s = -18 - -16. Let m be s/(-3)*-3 + 6. What are the prime factors of 18/(11/m - 2)?
2, 3
What are the prime factors of (21156/615)/((-2)/(-160))?
2, 43
Let q = -3 + 2. Let w be 2 - 80/4*q. Suppose -2*m + w = -m. List the prime factors of m.
2, 11
Suppose 0 = z + w - 148, z - 5*z = -4*w - 552. What are the prime factors of z?
11, 13
Suppose -40 = -8*l - 0. Suppose -4*c - 56 = -l*c. List the prime factors of c.
2, 7
Let f(o) = -2*o + 8. Let i be f(2). Suppose -4*h - 3*z = -310, 4*h + 6*z - i*z = 308. List the prime factors of h.
2, 19
Let y be 36/(-24)*4*-1. What are the prime factors of y/(-21) - (-1320)/14?
2, 47
Let g(o) = o**3 - 15*o**2 - 2*o - 21. Let s be g(15). Let q = s + 84. Suppose q = 5*b - 12. What are the prime factors of b?
3
Suppose -2*f = -475 - 945. List the prime factors of f.
2, 5, 71
Let v be (-2166)/27 + (-6)/(-27). Let l = 49 + v. Let g = 70 + l. List the prime factors of g.
3, 13
Let n(o) = -174*o**3 - o**2 - 2*o - 1. Let v be n(-1). List the prime factors of 8/4*v/((-9)/(-3)).
2, 29
Let x(v) = v**2 + 3*v - 5. Let b be x(4). Let d = 21 - b. What are the prime factors of -2 + 0 + 31 + d?
3
Let b be ((-8)/10)/(-1)*-10. Let k(m) = 3*m**2 + 6*m - 6. List the prime factors of k(b).
2, 3, 23
Let r be ((-14)/8)/(1/(-224)). Let i = -255 + r. List the prime factors of i.
137
Suppose -5*p - g + 2522 = 0, -9*p - 2*g + 508 = -8*p. What are the prime factors of p?
2, 3, 7
Let w = -45 + 214. List the prime factors of w.
13
Let h = -23 - -25. Suppose -5 + h = -g. Suppose -3*c + c + 5*l + 94 = 0, -2*c + g*l = -90. What are the prime factors of c?
2, 3, 7
Suppose g = 5*d + 2865, -1023 = -2*g - 3*d + 4642. What are the prime factors of g?
2, 5, 71
Let v(m) = -m**2 + 9*m - 8. Let i be v(8). Suppose 2*h = -i + 10. List the prime factors of h.
5
Let s = -222 - -687. What are the prime factors of s?
3, 5, 31
Let k(o) be the first derivative of o**4/4 + 8*o**3/3 + 5*o**2/2 - 7*o - 35. List the prime factors of k(-5).
43
Suppose 41*p - 37*p = 756. List the prime factors of p.
3, 7
Let u(c) be the third derivative of -7*c**4/24 + 2*c**3/3 - 80*c**2. Suppose 3*f - 8 + 26 = 0. What are the prime factors of u(f)?
2, 23
Let c = -170 - 106. Suppose 73 + 215 = -12*o. List the prime factors of c/o - 1/2.
11
Let z = -44 + 43. What are the prime factors of (z/(-2))/((-2)/(-116)*1)?
29
Let u be (448/20)/(4/30). Suppose -4*o + 144 + u = 0. List the prime factors of o.
2, 3, 13
Let h(u) = u**3 + 17*u**2 - 26*u + 9. Let n be h(-18). Let t = -83 + n. List the prime factors of t.
2, 5, 7
Let n be (-4)/(-6) - (4 - (-88)/(-12)). Suppose n*c - 67 = -0*u - 3*u, 3*c + 5*u = 42. What are the prime factors of c?
19
Let a = -6859 - -12111. What are the prime factors of a?
2, 13, 101
Let r(q) = 28*q**2 + 32*q + 288. List the prime factors of r(-9).
2, 3, 7
Let q = 8 + 7. Suppose q = 4*s - 5. Suppose m + 4*c = -2, -2*m + s*c - 1 = -36. List the prime factors of m.
2, 5
Suppose -12*c - 90 = -18*c. What are the prime factors of ((-22)/6 - 5/c)*-10?
2, 5
Suppose 5*l = -3*z + 365, 3*z + 535 - 140 = 5*l. Let w = l + -137. Let r = 140 + w. List the prime factors of r.
79
What are the prime factors of ((-3033)/18 - -10)*4/(-2)?
317
List the prime factors of ((-2)/13 - (-162459)/(-351))/(-1).